{"id":1293,"date":"2016-08-03T09:44:22","date_gmt":"2016-08-03T09:44:22","guid":{"rendered":"http:\/\/impreza7.us-themes.com\/?page_id=1293"},"modified":"2024-04-17T17:08:43","modified_gmt":"2024-04-17T17:08:43","slug":"ueber-mich","status":"publish","type":"page","link":"https:\/\/stark-grafikdesign.de\/em\/ueber-mich\/","title":{"rendered":"\u00dcber mich"},"content":{"rendered":"<section class=\"l-section wpb_row height_medium\"><div class=\"l-section-h i-cf\"><div class=\"g-cols vc_row via_grid cols_2 laptops-cols_inherit tablets-cols_inherit mobiles-cols_1 valign_middle type_default stacking_default\" style=\"--gap:calc(3rem + 17.5px);\"><div class=\"wpb_column vc_column_container\"><div class=\"vc_column-inner\"><div class=\"w-image align_none\"><div class=\"w-image-h\"><img decoding=\"async\" width=\"512\" height=\"638\" src=\"https:\/\/stark-grafikdesign.de\/em\/wp-content\/uploads\/2024\/04\/Erika-Mosel.jpeg\" class=\"attachment-large size-large\" alt=\"\" loading=\"lazy\" srcset=\"https:\/\/stark-grafikdesign.de\/em\/wp-content\/uploads\/2024\/04\/Erika-Mosel.jpeg 512w, https:\/\/stark-grafikdesign.de\/em\/wp-content\/uploads\/2024\/04\/Erika-Mosel-241x300.jpeg 241w\" sizes=\"auto, (max-width: 512px) 100vw, 512px\" \/><\/div><\/div><\/div><\/div><div class=\"wpb_column vc_column_container\"><div class=\"vc_column-inner\"><div class=\"wpb_text_column\"><div class=\"wpb_wrapper\"><h1>\u00dcber mich<\/h1>\n<p>Der unendlich komplexe Vorgang der Wahrnehmung fasziniert mich nach wie vor,<br \/>\nebenso wie die vielschichtige Reaktion darauf im Malprozess.<br \/>\nIch gehe von der vorgefundenen Gegenst\u00e4ndlichkeit aus<br \/>\nund verforme, erg\u00e4nze, verliere, erweitere,<br \/>\ndeute um und abstrahiere diese in Form und Farbe.<\/p>\n<p>\u00dcberwiegend arbeite ich mit Acrylfarbe auf Leinwand und Papier,<br \/>\nverwende aber auch Pigmente, Pasten, Sand, Gefunderes und Nat\u00fcrliches<br \/>\nauf experimentelle Weise in meinem Atelier in L\u00f6hne.<\/p>\n<p>Die Teilnahme an Sommerakademien und K\u00fcnstlerworkshops erm\u00f6glichen<br \/>\nmir den notwendigen k\u00fcnstlerischen Austausch.<\/p>\n<p>Gemeinschaftsausstellungen:<br \/>\nB\u00fcnde, M\u00fcnster, Bad Rothenfelde, Bad Oeynhausen, L\u00f6hne, Herford<\/p>\n<p>Einzelausstellungen: Bad Oeynhausen, L\u00f6hne, Enger<\/p>\n<p>Beteiligung am j\u00e4hrlichen &#8222;Offenen Atelier&#8220; des K\u00fcnstlerforums Herford seit 2016<\/p>\n<\/div><\/div><\/div><\/div><\/div><\/div><\/section>\n","protected":false},"excerpt":{"rendered":"\u00dcber mich Der unendlich komplexe Vorgang der Wahrnehmung fasziniert mich nach wie vor, ebenso wie die vielschichtige Reaktion darauf im Malprozess. Ich gehe von der vorgefundenen Gegenst\u00e4ndlichkeit aus und verforme, erg\u00e4nze, verliere, erweitere, deute um und abstrahiere diese in Form und Farbe. \u00dcberwiegend arbeite ich mit Acrylfarbe auf Leinwand und Papier, verwende aber auch Pigmente,...","protected":false},"author":1,"featured_media":0,"parent":0,"menu_order":0,"comment_status":"closed","ping_status":"closed","template":"","meta":{"footnotes":""},"class_list":["post-1293","page","type-page","status-publish","hentry"],"_links":{"self":[{"href":"https:\/\/stark-grafikdesign.de\/em\/wp-json\/wp\/v2\/pages\/1293","targetHints":{"allow":["GET"]}}],"collection":[{"href":"https:\/\/stark-grafikdesign.de\/em\/wp-json\/wp\/v2\/pages"}],"about":[{"href":"https:\/\/stark-grafikdesign.de\/em\/wp-json\/wp\/v2\/types\/page"}],"author":[{"embeddable":true,"href":"https:\/\/stark-grafikdesign.de\/em\/wp-json\/wp\/v2\/users\/1"}],"replies":[{"embeddable":true,"href":"https:\/\/stark-grafikdesign.de\/em\/wp-json\/wp\/v2\/comments?post=1293"}],"version-history":[{"count":5,"href":"https:\/\/stark-grafikdesign.de\/em\/wp-json\/wp\/v2\/pages\/1293\/revisions"}],"predecessor-version":[{"id":4141,"href":"https:\/\/stark-grafikdesign.de\/em\/wp-json\/wp\/v2\/pages\/1293\/revisions\/4141"}],"wp:attachment":[{"href":"https:\/\/stark-grafikdesign.de\/em\/wp-json\/wp\/v2\/media?parent=1293"}],"curies":[{"name":"wp","href":"https:\/\/api.w.org\/{rel}","templated":true}]}}

Über mich

<section class="l-section wpb_row height_medium"><div class="l-section-h i-cf"><div class="g-cols vc_row via_grid cols_2 laptops-cols_inherit tablets-cols_inherit mobiles-cols_1 valign_middle type_default stacking_default" style="--gap:calc(3rem + 17.5px);"><div class="wpb_column vc_column_container"><div class="vc_column-inner"><div class="w-image align_none"><div class="w-image-h"><img decoding="async" width="512" height="638" src="https://stark-grafikdesign.de/em/wp-content/uploads/2024/04/Erika-Mosel.jpeg" class="attachment-large size-large" alt="" loading="lazy" srcset="https://stark-grafikdesign.de/em/wp-content/uploads/2024/04/Erika-Mosel.jpeg 512w, https://stark-grafikdesign.de/em/wp-content/uploads/2024/04/Erika-Mosel-241x300.jpeg 241w" sizes="auto, (max-width: 512px) 100vw, 512px" /></div></div></div></div><div class="wpb_column vc_column_container"><div class="vc_column-inner"><div class="wpb_text_column"><div class="wpb_wrapper"><h1>Über mich</h1>
<p>Der unendlich komplexe Vorgang der Wahrnehmung fasziniert mich nach wie vor,<br />
ebenso wie die vielschichtige Reaktion darauf im Malprozess.<br />
Ich gehe von der vorgefundenen Gegenständlichkeit aus<br />
und verforme, ergänze, verliere, erweitere,<br />
deute um und abstrahiere diese in Form und Farbe.</p>
<p>Überwiegend arbeite ich mit Acrylfarbe auf Leinwand und Papier,<br />
verwende aber auch Pigmente, Pasten, Sand, Gefunderes und Natürliches<br />
auf experimentelle Weise in meinem Atelier in Löhne.</p>
<p>Die Teilnahme an Sommerakademien und Künstlerworkshops ermöglichen<br />
mir den notwendigen künstlerischen Austausch.</p>
<p>Gemeinschaftsausstellungen:<br />
Bünde, Münster, Bad Rothenfelde, Bad Oeynhausen, Löhne, Herford</p>
<p>Einzelausstellungen: Bad Oeynhausen, Löhne, Enger</p>
<p>Beteiligung am jährlichen &#8222;Offenen Atelier&#8220; des Künstlerforums Herford seit 2016</p>
</div></div></div></div></div></div></section>

Über mich Der unendlich komplexe Vorgang der Wahrnehmung fasziniert mich nach wie vor, ebenso wie die vielschichtige Reaktion darauf im Malprozess. Ich gehe von der vorgefundenen Gegenständlichkeit aus und verforme, ergänze, verliere, erweitere, deute um und abstrahiere diese in Form und Farbe. Überwiegend arbeite ich mit Acrylfarbe auf Leinwand und Papier, verwende aber auch Pigmente,...
